umber?
False
Let o = -6 - -11. Suppose o*u + 790 = 5*m, -2*u = -5*m - 63 + 844. Is m composite?
True
Let g = -603 + 1056. Suppose 60 = -3*p + g. Is p composite?
False
Let l = 252 + -47. Is l prime?
False
Suppose 5*f = f - 4. Is (7 - 1/f) + -1 a prime number?
True
Let m be (3/2)/((-3)/(-642)). Suppose -2*n - n + m = 0. Suppose -t - 4*b = -n, -2*b = -3*t - 3*b + 343. Is t a composite number?
True
Let k(t) = 2*t**2 - 7*t. Let s be k(5). Let z = -11 + s. Suppose 4*x - z*n = -0*n + 96, 4*x - 71 = -n. Is x prime?
True
Let a = -4 - -6. Let x(b) = -2 + 0*b**2 + 4*b - b**a + 4*b. Is x(5) a prime number?
True
Let w = -5 + 8. Suppose -w*i + 225 = 24. Is i prime?
True
Suppose -5*q + 3*z - 50 = 0, -q = -4*q - 3*z - 6. Let j(n) = -n**3 - 5*n**2 + n. Is j(q) a prime number?
False
Let k be 3/(9/(-15))*-1. Suppose m + 60 = k*m. Is m prime?
False
Suppose -x - u + 2104 = 0, -5*x + 0*u + 10518 = 3*u. Is x prime?
False
Let g(t) = 11*t**3 - 6*t**2 - 6*t + 3. Is g(4) composite?
False
Let u = -1289 - -2176. Is u a composite number?
False
Let c(m) = 16*m**2 - 4*m - 8. Let w be c(-6). Suppose -5*f + w = -1063. Is f a composite number?
False
Let u(w) = 18*w**3 + 5*w**2 - 3*w - 1. Is u(3) a composite number?
False
Let a = -13 + 6. Let h = a + 11. Suppose -2*b + 5*k + 46 = -0*k, 5*k - 152 = -h*b. Is b prime?
False
Suppose -5*f = w - 5*w - 5, 10 = -2*w + 4*f. Suppose -w*a + 2 = 17. Is 3*((-52)/a - 3) composite?
False
Let l(b) = 253*b. Is l(1) composite?
True
Let m = -13 + 18. Suppose m = 5*p, -49 = 2*f + f + 5*p. Is (-4)/f + (-6515)/(-45) composite?
True
Is 123 + 1 - (-24)/(-8) composite?
True
Let v be 18*(-2)/(-15)*5. Let o = v - -73. Is o composite?
True
Suppose 176 + 109 = c. Suppose c + 66 = -3*s. Let f = -50 - s. Is f composite?
False
Let f = -46 + 70. Suppose 5 = v + 4*r + f, -4*r - 17 = 3*v. Is (-188)/(-8)*v*2 a composite number?
False
Suppose -2*d - q + 14 = 0, 0 = 2*d - 0*d + 2*q - 18. Suppose -l = -v + d*v - 1673, 4*l = -2*v + 826. Is v composite?
False
Let a = 3 - 1. Suppose 0 = -a*x + 3*x. Let y(w) = -w + 26. Is y(x) prime?
False
Let f(w) = -5*w**2 - 1. Let l be f(-1). Let m = l + 10. Is m composite?
True
Let u(v) = -1 - 5*v**2 - 2*v**2 - 3*v**2 + 0*v + 2*v. Let p be u(1). Let m(k) = k**2 - 8*k - 10. Is m(p) composite?
True
Suppose -4*u - 20 = 0, 0 = 2*k - k - 2*u - 33. Suppose 5 = -3*z + k. Is 143 - 1*z/(-3) composite?
True
Suppose -3 + 1 = 2*j. Let y(b) = -169*b. Is y(j) composite?
True
Let q(g) = 13*g**2 - g - 1. Let w(s) = s**2 - 3*s + 2. Let b be w(3). Let f be b/(-6) - (-10)/(-6). Is q(f) a prime number?
True
Suppose 0 = -4*j - u + 11600, -2*j + 2*u = 3*j - 14487. Is j composite?
True
Suppose 4*q + c - 504 = 0, -3*c + 12 = q - 103. Is q prime?
True
Let n(y) = 2*y**3 - 7*y**2 + y - 1. Is n(8) prime?
False
Suppose 0 = 3*x + 2*a, x - 2*a = 2*a. Is (-9 - (1 - x))*-1 composite?
True
Suppose -3*w + 0*l = 3*l - 24, -w + 2*l - 1 = 0. Suppose 2*p - 4*r + 1517 = w*p, -10 = -2*r. Is p prime?
True
Is (-1)/((-4)/74)*2 a composite number?
False
Suppose 0 = j + a - 12, 4*j - 5 = -2*a + 41. Suppose -3*i = -55 - 11. Let t = i + j. Is t composite?
True
Suppose -a - 2*v = -8, 7*v - 3*v = 4*a + 4. Suppose 0 = d + 2*q - 1, d + a*q = 4*q + 1. Is 2 + -1 + d + 31 a prime number?
False
Let m(i) = i**3 + 17*i**2 + 22*i - 3. Let g be m(-15). Suppose -5*s - 6*j = -4*j - 169, 0 = -3*s + 4*j + g. Is s composite?
True
Let k be (-3318)/30 + 4/(-10). Let w = 36 - k. Suppose 4*j - w - 89 = 0. Is j a composite number?
False
Suppose -8 = -2*x - 5*v - 24, 3*x + 5*v + 24 = 0. Let c(k) = k**2 + 8*k + 5. Let p be c(x). Suppose -410 = -p*q + 3*q. Is q composite?
True
Let i(a) = a**3 + a**2 + 11. Let c be i(0). Let m(g) = 15*g - 10. Is m(c) a composite number?
True
Let h(p) = 21*p**2 - p - 1. Let n be -1 + -1 + 12/(-3). Let b = n + 5. Is h(b) a prime number?
False
Suppose -3*v + 5*v - y - 4323 = 0, 4*y = 2*v - 4308. Suppose -u = 3*u - v. Is u composite?
False
Suppose -1814 = -0*g - 2*g. Is g a composite number?
False
Let s(g) = -4*g**3 + 10*g**2 + 16*g + 14. Let m(l) = -5*l**3 + 10*l**2 + 17*l + 15. Let v(k) = -5*m(k) + 6*s(k). Is v(-7) a composite number?
False
Suppose 4*a + 3*g - 36 = 4*g, 0 = -4*a - 5*g + 36. Is a a composite number?
True
Suppose -4*c - 5*k + 143 = 0, 3*k + 0*k - 182 = -5*c. Suppose -2*s + 699 = c. Is s composite?
False
Suppose -2*z + 2 = -6. Suppose z*t - 23 = 173. Is t a prime number?
False
Let g(u) = 2*u**3 + u**2 - u + 5. Is g(4) a prime number?
False
Suppose 0 = i - 103 - 241. Let v = i + 29. Is v a prime number?
True
Let m(n) = -1 + 16*n - 11*n - 3*n**2 + 15*n**2. Is m(4) a composite number?
False
Suppose -9 = -2*i - i. Let z = -345 - -511. Suppose -i*v + s = -6*v + z, -59 = -v - 4*s. Is v composite?
True
Let a(p) be the third derivative of p**5/60 + p**4/8 - p**3 + 2*p**2. Is a(5) a prime number?
False
Suppose 3*i = 3*t - 2*i + 18, 0 = t + 2*i + 6. Let x be 0*1*3/t. Suppose x = -0*r + 4*r - 188. Is r composite?
False
Let t(n) = -n**3 + 6*n**2 - 2. Let r be t(5). Suppose 2*v - 5*k = -21, -3*v + k - 9 = -2*k. Suppose 177 = v*d + r. Is d a composite number?
True
Let z(u) = 6*u**2 - 3*u - 7. Is z(6) prime?
True
Let y(h) = 39*h - 7. Is y(4) prime?
True
Suppose -2*f + 7*f = 1535. Is f prime?
True
Suppose 2*m + 0*m = 58. Suppose -5*p + m - 104 = 0. Let y = 20 - p. Is y composite?
True
Let g(m) = -m**3 - 10*m**2 - 8*m + 12. Let y be g(-9). Suppose -y*o = 44 - 146. Is o a composite number?
True
Let u = 421 - 170. Is u composite?
False
Let u = 11 + -3. Is ((-131)/(-2))/(u/32) a prime number?
False
Let j = -1691 + 2904. Is j prime?
True
Suppose 0 = -3*p + 5*v + 58, -p + 2*v + 24 = -2*v. Let z be (p/5)/(6/180). Let g = -62 + z. Is g composite?
True
Suppose 11*s - 16*s + 12565 = 0. Is s prime?
False
Is -3 + (-9)/(9/(-692)) a composite number?
True
Let a(n) = -2*n + 97. Is a(0) a composite number?
False
Let m(b) = 2*b + 1. Let z be m(2). Suppose -3*y + 0*o - z*o + 1 = 0, 0 = 4*y + 2*o - 6. Is (-51)/(-5 + y) - -2 a composite number?
False
Let o be (-1)/(6/4 + -2). Suppose -o*a = -4*a. Suppose -52 = -a*n - 3*n + 5*p, 5*p - 62 = -3*n. Is n a composite number?
False
Let c(b) = b - 4. Let v(s) = 0 + 3 + 4 - 3*s. Let z(q) = -5*c(q) - 3*v(q). Is z(4) a prime number?
False
Let h(s) = s**3 + 7*s**2 - 7*s + 11. Let q be h(-8). Suppose -2*y + 20 = q*y. Suppose y*g - 171 - 17 = -5*d, 0 = -d. Is g a prime number?
True
Let g be (-2 + 3/1)*-3. Is 14 - 3 - 0 - g prime?
False
Suppose -2*c - 1429 = -5*h, -5*h = -9*c + 4*c - 1435. Suppose -2*d = -5*q + d + 451, -3*d + h = 3*q. Suppose -q = f - 5*f. Is f a prime number?
True
Let h(u) = -4*u**3 - 6*u**2 - 6*u - 9. Is h(-5) prime?
False
Suppose -4 - 6 = 5*m. Suppose 2*q + 0*q = 2. Is (7/m)/(q/(-10)) a prime number?
False
Suppose -3*x + 0*y = 5*y - 31, -4*x - 3*y + 23 = 0. Suppose 3*a - 3*s - 3 = 0, 3 = x*a + s + 4. Suppose a*t - 30 = -2*t. Is t composite?
True
Let d = 19 + -21. Is (-2 - -3)/(d/(-706)) prime?
True
Let u(g) = -g**2 - 4*g + 4. Let h be u(-4). Suppose -3*z - 4 = i, 3*i + 8 - 22 = h*z. Is (190/(-15))/(i/(-3)) a prime number?
True
Suppose -5*a + 0*a = -560. Suppose 3*m = 2*w - a, -2*m + 0*m = -8. Let l = w + -13. Is l a prime number?
False
Let p be (-3)/(-2 - (-2 + 1)). Suppose 0 = 3*f + 6*j - 4*j - 471, -f + p*j + 146 = 0. Is f a prime number?
False
Suppose 4*f - z = 20, -3*f = f - 5*z - 36. Let d be 10/15 - f/6. Is (d + 114)*1/2 a composite number?
True
Is (9115 - 0)/(10 - 9) composite?
True
Suppose 4*g - 7056 = 3356. Is g a composite number?
True
Let z(c) = 3*c**2 + 6*c - 7. Let g be z(9). Let b = -179 + g. Is b composite?
True
Suppose 5*d - 280 + 3500 = 0. Is d/8*(0 + -2) a prime number?
False
Suppose -178*j - 7388 = -182*j. Is j composite?
False
Let f be (0 + 7)*(-4)/(-14). Let q be 4/f + -1 + -1. Suppose -81 = -v - 3*m, q*m - 5*m = 5*v - 425. Is v a prime number?
False
Let f(r) = 5*r**3 + 6*r**2 - 2*r**3 - 2*r**3 + r. Let k be f(-6). Is (k/4)/3*-254 prime?
True
Let o(z) = -86*z + 3. Let q be o(-4). Suppose -b = -q + 84. Is b a prime number?
True
Suppose i + q - 667 = 0, 4*i - 2*i - 2*q = 1334. Is i a composite number?
True
Suppose 4*a = 3*k + 6*a + 1, 5*k = -a - 11. Let y(j) be the second derivative of -j**5/10 - j**4/4 + 2*j**2 - 7*j. Is y(k) prime?
True
Let x = -52 + 100. Suppose -4*h = 4*j - x, -72 = -h - 4*h + j. Is h a prime num